et o(j) = -j - 33. Let x be o(-35). What is the highest common divisor of 8 and x?
2
Let l(y) = 176*y + 20. Let n(k) = 59*k + 7. Let o(f) = -6*l(f) + 17*n(f). Let q be o(-5). What is the greatest common divisor of q and 33?
33
Let t be ((-850)/350)/((-1)/7). What is the highest common factor of t and 289?
17
Suppose 0 = -11*p + 6*p + 25. Suppose -p*x = -t - 19, x - 4*x + 27 = 2*t. Suppose 42 - 6 = 2*h. Calculate the highest common divisor of h and t.
6
Let l(p) = p**3 + 14*p**2 + 7*p. Let w be l(-11). What is the greatest common divisor of 22 and w?
22
Let a be 5/(0/2 + 1). Suppose -2*i + i + 4*j = -20, -a*i - 2*j = -144. Calculate the highest common divisor of i and 112.
28
Suppose 3*b = b + 64. Suppose 4*m = 5*m + 26. Let j = m + b. Calculate the greatest common factor of 4 and j.
2
Let z(d) = 53 + d**3 - 3*d**2 - 47 - 3*d**2 + 3*d. Let n be z(6). Suppose -4*f - 3*h = -41, 0 = 3*f + h - 27 - 0. What is the highest common divisor of f and n?
8
Let z = 76 + -44. Suppose 48 + 432 = 20*j. Calculate the greatest common factor of z and j.
8
Let b = 140 - 12. Calculate the highest common divisor of 2 and b.
2
Suppose -5*s - 2*x - 30 = -206, x - 173 = -5*s. Calculate the greatest common factor of 51 and s.
17
Let k(f) = -136*f**3 - 2*f**2 + 2. Let d be k(-1). Suppose -2*m + 158 = -d. Let y = 48 - 27. Calculate the greatest common divisor of y and m.
21
Suppose 0*d + 2*j - 90 = -4*d, 0 = -d + 2*j + 10. Let v be ((-8)/6)/(89/15 + -6). Calculate the greatest common factor of d and v.
20
Suppose 7*f + 111 - 27 = 0. Let t = f - -23. Suppose -14 = t*m - 13*m. What is the greatest common divisor of 1 and m?
1
Let d(k) = k**3 + 17*k**2 - 16*k + 68. Let g be d(-18). What is the greatest common factor of g and 1024?
32
Suppose -f + 266 = 5*r, 4*r - 568 = -4*f + 528. Calculate the highest common divisor of 60 and f.
12
Suppose -3*c + 71 = -3*q - 22, 3*q - 147 = -5*c. What is the greatest common divisor of 490 and c?
10
Let y = 14 - 22. Let a(i) = i**2 + 2*i - 6. Let t be a(y). Suppose 5*m - 15 - 125 = 0. What is the highest common factor of m and t?
14
Let p(y) = -y**3 + 8*y**2 - 6*y + 1. Let z be p(7). Calculate the greatest common divisor of z and 104.
8
Suppose -z + l = -4*l - 11, -2*l = 2. Let r = 223 - 163. Calculate the greatest common factor of r and z.
6
Suppose -3*a = -4*n - 88, -32 = -a + 15*n - 13*n. What is the greatest common factor of 72 and a?
24
Let c be (-4)/(-6)*(4 - 1). Let j be (-100)/(-7) + (2 - 48/21). What is the greatest common divisor of c and j?
2
Let o = 5503 - 5360. Let r = -25 + 36. What is the greatest common divisor of o and r?
11
Let n = 1511 - 1071. Calculate the greatest common factor of n and 120.
40
Let a be ((-534)/(-18) - 2/(-6))/1. Suppose 0 = 5*j + 20, -x + j + 14 = -j. Calculate the highest common divisor of a and x.
6
Suppose r + 14*n - 42 = 16*n, 0 = 2*r + 5*n - 39. Calculate the highest common factor of r and 2000.
16
Let i(o) = o**3 - 7*o**2 + 10*o + 21. Let g be i(6). Suppose -2*b = -0*b - 810. What is the greatest common divisor of g and b?
45
Let q(h) = 5*h**2 + 5*h + 1. Let x be q(4). Let d = -11 + x. Suppose -49 = -3*b - 19. What is the greatest common divisor of b and d?
10
Suppose 8 = -7*s + 3*s, -4*h + 26 = -5*s. Calculate the highest common divisor of 4 and h.
4
Let p be 3245/35 + -2 - (-2)/7. Suppose 0 = a + 50 - p. Calculate the greatest common factor of 328 and a.
41
Let h = 1212 + -1051. Suppose -2*t + 92 = 2*t. What is the greatest common factor of h and t?
23
Suppose -8*d - 3*d + 792 = 0. Let w be ((-570)/(-12))/(-19) + (-46)/(-4). What is the greatest common factor of d and w?
9
Let a be -1*((-124)/(-10) - (-14)/(-35)). Let s(k) = -13*k + 12. Let r be s(a). What is the highest common factor of 24 and r?
24
Let g be (3 - 2)/(6/(-402)) + 3. Let r = g - -71. Suppose 2*f = -0*f + 70. Calculate the highest common divisor of f and r.
7
Let q = -1260 - -1881. What is the highest common factor of q and 69?
69
Suppose d = 5*c + 16, 8*c - 48 = -3*d + 3*c. Calculate the greatest common factor of d and 2.
2
Let j = -11 - -15. Suppose 3*b - 31 = j*c, 4*b = 3*c + 16 + 16. Suppose 2 = b*k - 4*k. Calculate the greatest common factor of k and 6.
2
Let y = -57 + 71. Suppose -7*h = -y*h + 28. Let c(j) = -5*j - 3. Let a be c(-3). Calculate the greatest common factor of h and a.
4
Let j = -204 - -221. Let z(a) = 6*a**2 - a - 1. Let h be z(-6). Calculate the greatest common factor of j and h.
17
Let k(a) = a. Let i be k(3). Let o(n) = n**2 + 37*n - 275. Let u be o(-44). Calculate the greatest common divisor of u and i.
3
Let g(p) = 54*p**3 - 3*p**2 + 6*p - 3. Let u be g(1). Calculate the highest common divisor of 918 and u.
54
Suppose 0*k = k. Suppose 0 = -k*h - 4*h + 8. Suppose 0 = 6*o - h*o - 448. What is the highest common divisor of 14 and o?
14
Let h = -209 - -224. Calculate the greatest common divisor of 15 and h.
15
Let z(t) = 16*t - 1. Let r be z(1). Suppose 3*x + 6 - 21 = 0. Let c = x - 2. Calculate the greatest common factor of r and c.
3
Let s = 6 + 3. Let z = -1720 - -1738. What is the greatest common factor of z and s?
9
Suppose c + 4*f = 24, -4*f = 4*c - 5*f - 96. Calculate the greatest common factor of c and 12.
12
Let p be 2/(-4) - 492/8. Let b = p + 87. Calculate the greatest common factor of 275 and b.
25
Let d = 10109 + -10093. Suppose -18 - 22 = -2*f. Calculate the greatest common divisor of d and f.
4
Suppose -37 = -7*a + 89. Calculate the highest common divisor of a and 18.
18
Let o be 3/(-18) - (302/(-12) + 1). Suppose 2*b - 7 + o = 5*t, 20 = 4*t. Calculate the greatest common factor of b and 20.
4
Suppose 4*i - 4 = 92. Suppose -7*c = -6*c - i. What is the greatest common divisor of 18 and c?
6
Suppose n = -2*t + 12, 7*t - 9*t + 2*n + 6 = 0. Calculate the greatest common factor of 205 and t.
5
Suppose m - 23 + 2 = 0. Let s = 66 + -45. What is the highest common factor of s and m?
21
Let u = 349 + -182. Suppose 2*d - 67 = -k, -4*d = d + 3*k - u. What is the greatest common divisor of d and 17?
17
Let i(f) be the first derivative of 2*f**3/3 - f**2 + 6*f - 5. Let z be i(7). Let l be 560/z + 2/(-9). Calculate the greatest common factor of l and 54.
6
Let j be ((3 + -2)*50)/(7/28). Let z(q) = -q**3 + 26*q**2 - 47*q + 16. Let x be z(24). What is the greatest common factor of j and x?
40
Let b be 2/((-44)/(-36) + -1). Suppose -2*k + 7 = -b. What is the highest common divisor of 56 and k?
8
Suppose 2*u + 278 = 5*x, 4*x - 73 - 123 = -5*u. Calculate the greatest common factor of 12 and x.
6
Let q(d) = 7 - 9*d**2 + 1 - d**3 + 0*d**3 + 0*d**3. Let a be q(-9). Suppose 2*z + j - 341 = 0, 3*j = 7 + a. Calculate the greatest common divisor of 21 and z.
21
Let u(o) = -2*o**2 - 24*o - 20. Suppose 22 = -7*n + 5*n. Let c be u(n). What is the greatest common factor of 5 and c?
1
Suppose 17*c = 7052 + 7058. What is the greatest common divisor of c and 20?
10
Let o(j) = 13*j - 39. Let m be o(-5). Let b = -70 - m. Calculate the greatest common divisor of b and 340.
34
Let q(z) = -z**2 - 7*z - 4. Let j = -8 - -3. Let m be q(j). Suppose -462 = 64*p - 75*p. What is the greatest common factor of p and m?
6
Let o(q) = 3*q + 24. Let a be o(-6). Let x = -13 + 18. Let l be 0 - -3 - (-75)/x. What is the greatest common divisor of a and l?
6
Let p = 793 - 729. Calculate the greatest common factor of 1024 and p.
64
Let i = -1031 - -1112. What is the greatest common divisor of 1296 and i?
81
Let y be (3/2)/(2/(-68)). Let v = 16 - y. Let i be v/13 - 16/104. What is the greatest common divisor of i and 20?
5
Let r be (4 - -40) + -3*12/(-9). What is the highest common factor of 84 and r?
12
Suppose 0 = -m - 37 + 143. Let o = 191 + -138. Calculate the greatest common divisor of o and m.
53
Suppose 95*x - 141*x = -8694. What is the greatest common factor of 7 and x?
7
Let j = 567 + -369. Calculate the greatest common factor of j and 18.
18
Suppose -4*s + 0*s = -4. Let c be s + 57 + (2 - 5). Calculate the highest common factor of c and 22.
11
Suppose -q = -4*z + 12, 5*z = 2*q + q + 1. Let n = q - 4. Let u be (-17)/2*(n - 6). What is the greatest common factor of 51 and u?
17
Suppose -132 = -3*v - 3*m, 3 = -18*m + 15*m. What is the highest common divisor of 90 and v?
45
Let o(f) = f**2 - f + 8. Let m be o(0). Let d be (-43 - -13)/(3/(-